= -5*x + 402 - 27. What is the units digit of x?
5
What is the tens digit of (-5 - -4)/((-4)/340)?
8
Let x = 4 - 10. Let b = 4 + x. Let o(g) = g**2 - 2*g - 2. What is the units digit of o(b)?
6
What is the units digit of ((-60)/(-9) + -5)*15?
5
Suppose o + 3*x + 29 = 0, 4*x = 2*o - 0*x + 28. What is the units digit of (o/12 + 2)*135?
5
Let n(b) = 36*b**3 + b**2 - b + 1. Let r be n(1). Let v = r - 21. What is the tens digit of v?
1
Suppose 0 = -2*b + 3*b - 19. What is the units digit of b?
9
Suppose 246 = 5*t + t. What is the units digit of t?
1
Let n be (-40)/30 - 14/3. Let h(o) be the first derivative of o**4/4 + 7*o**3/3 + 3*o**2 + 8*o - 1. What is the units digit of h(n)?
8
Let s(w) = 9*w**2 + 3*w - 1. Let u(z) = -19*z**2 - 7*z + 3. Let t(n) = 5*s(n) + 2*u(n). What is the units digit of t(-1)?
7
Let o be (-5 + 8)/((-2)/10). Let i = 36 + o. What is the units digit of i?
1
Suppose -z + 4*z = 0. Suppose z*r = -2*r. Suppose -2*c + 2 + r = 0. What is the units digit of c?
1
Suppose -2 = 17*h - 16*h. What is the tens digit of (h - -28)/((-6)/(-12))?
5
Suppose 0 = 3*v + 5*d - 139, 0 = 3*v + 4*d - 104 - 30. What is the tens digit of v?
3
Let j(o) = 5*o - 6. What is the tens digit of j(9)?
3
Suppose 0 = -4*s - 2*k + 199 - 25, 3*k + 61 = s. Suppose -5*u = -s - 54. Suppose -4*w + 25 - 5 = 3*j, 2*w = -4*j + u. What is the units digit of j?
4
Suppose -q + 1 + 3 = 0. Suppose q*f - 45 = h + 6, 3*f = 3*h + 45. What is the units digit of f?
2
Let p be ((-4)/6)/(4/(-90)). Suppose -p - 29 = -4*c. Suppose 0 = y - 0*y - c. What is the units digit of y?
1
Suppose 42 + 124 = 4*v - 3*h, 221 = 5*v + 3*h. Suppose -2*c = -4*k + 44, -c = -4*k + v - 3. What is the units digit of k?
9
Suppose -34*z + 54 = -32*z. What is the tens digit of z?
2
Suppose -10*o = -7*o - 87. What is the units digit of o?
9
Let i(b) = -b**3 + 17*b**2 + 5*b + 20. Let n be i(17). Suppose -3*r = 3*l - n, 4*r - 4*l + 11 - 127 = 0. What is the tens digit of r?
3
Suppose 5*n = -2*s + 16, 4*n - s + 4 = 22. Suppose n*q - 5 = 67. What is the units digit of q?
8
Let w be 4/(-8)*(1 + -1). Suppose c + 86 = 2*h - w*h, 0 = -3*h - 2*c + 115. What is the units digit of h?
1
Let o = 3 - -1. Suppose -o*n = -3*c - 0*c - 23, 0 = c + 5. What is the units digit of (3 + n)*(-9)/(-15)?
3
Suppose 0*p + 5*p = -105. Let s be 3/9 + (-92)/6. Let m = s - p. What is the units digit of m?
6
Let m(c) = 2*c**2 - 2*c. Let a(u) = -u**2 + 2*u. Let b(i) = 3*a(i) + 2*m(i). What is the units digit of b(-4)?
8
Let h = 39 - 28. Let v = h + -7. Suppose -65 = -9*i + v*i. What is the tens digit of i?
1
Suppose 866 = -7*l + 3421. What is the units digit of l?
5
Let l(a) = -a**2 + 3*a + 4. Let w be l(3). Let z = 12 - w. Let i = z + -3. What is the units digit of i?
5
Let x be 4/3*(-6)/(-4). Let n(p) = -p**3 + p**2 + 3*p - 1. What is the units digit of n(x)?
1
Let x(z) = -z**2 - z - 75. Let m be x(0). Let o = m + 105. What is the units digit of o?
0
Suppose 0 = 4*m - 1 - 15. What is the units digit of m?
4
Let y(s) = 13*s**2 + 1. What is the units digit of y(1)?
4
Let j = 20 + 157. What is the hundreds digit of j?
1
Let f(y) = y**2 - 7*y - 13. Let n be f(9). Let w = n + -5. Suppose 2*r + 2*r - 20 = w. What is the units digit of r?
5
Let k be (-2*1)/(2/(-4)). Suppose 2*s + 30 = k*s. Suppose -5*w - s = -2*i - 0, -w - 6 = -i. What is the units digit of i?
5
Let w = 5 + -5. What is the units digit of 2 + w/((-9)/(-3))?
2
Let a = -184 - -274. What is the tens digit of a?
9
Let o be 36/84 - 38/7. Let t = o + 10. What is the units digit of t?
5
Suppose u + 4*y = -0*u, 4*u - 19 = 3*y. Suppose u*r - 44 = 2*r. What is the units digit of r?
2
Let b be (4/1)/(4/26). Suppose 7 + b = 3*a + 3*m, m = 4*a - 39. Let t = a - 0. What is the tens digit of t?
1
Let n = 56 - 26. What is the units digit of n?
0
Suppose -2*z = -7 - 1. Suppose -z*d + 7 = 3. What is the units digit of d?
1
Let k(q) be the third derivative of -q**5/60 + q**4/3 + 3*q**2. What is the units digit of k(6)?
2
Let z(a) = -a**3 - a**2 - a + 35. What is the tens digit of z(0)?
3
Let n(j) = j. Let d be n(6). Let k(f) = -f**2 - f + 10. Let p be k(0). Suppose 4*s - d = h - 23, -p = h + 5*s. What is the units digit of h?
5
Let w(b) = -3*b - 1. Let p be w(-3). Let t be (p/(-4))/(2/5). Let g = t + 12. What is the units digit of g?
7
Let v(z) = -z - 12. Let c be v(-13). Let f be c - -1 - 3/3. What is the units digit of (2/(-8))/(f/(-4))?
1
Let j = -13 + 9. What is the tens digit of 2/(-4) + (-78)/j?
1
Suppose 5*x - 8*x + 30 = 0. What is the units digit of 3 + 5/(x/4)?
5
What is the tens digit of (-1977)/(-9) + 20/(-12) + 1?
1
Suppose k - o - 138 = 0, -3*k + 239 = 5*o - 159. What is the hundreds digit of k?
1
Suppose -2*n + 94 - 14 = 0. What is the tens digit of n?
4
Let c = 6 - -9. What is the tens digit of c?
1
Let v be 1/(-2)*(-1 + -11). Suppose 0 = 6*s - 3*s - v. What is the units digit of s?
2
Suppose 0*n - n + 5 = 0. Suppose 4*m - 1 - 11 = 0, 71 = n*z - 3*m. What is the units digit of z?
6
Let d(g) = -g**3 + 8*g**2 + 10*g + 5. Let m be d(9). Let v be (3 + m/(-4))*-2. What is the units digit of v*2/((-6)/(-3))?
1
Suppose -j + 4 = 2. Suppose 3*f - 10 = f, j*o + 4*f = 44. What is the tens digit of o?
1
Let b(v) = v**3 - 14*v**2 - v + 14. Let y be b(14). What is the tens digit of y + 8 + 1*3?
1
Suppose -3*s = -2*s + 15. What is the units digit of (-2)/((s/(-6))/(-5))?
4
Let d = 4 + -6. Let u = 1 - d. Suppose -2*i + 55 = u*i. What is the units digit of i?
1
Let w(s) = -s + 4*s + 2 - 2*s. Let j be w(-3). Let q(m) = 7*m**2 - 1. What is the units digit of q(j)?
6
Let b(r) = -r**3 - 3*r**2 - 1. Let x be b(-4). Let l = -12 + x. What is the units digit of l?
3
Let r = -2 - -2. What is the units digit of 26/(-4)*(-2 - r)?
3
Let v be 1 - ((2 - 7) + 1). What is the units digit of 3 - 2*v*-3?
3
Let t = -19 + 20. What is the units digit of ((-129)/12)/(t/(-4))?
3
Suppose 0 = s + 2*p + p - 15, 5*s - 99 = -3*p. What is the units digit of s?
1
Let u = 851 + -584. What is the hundreds digit of u?
2
Let g be 14/(-35) - 136/10. What is the units digit of 1/(-2)*-6 - g?
7
Let u = 23 + -16. Let q = -7 + u. Suppose -g = -q*g + 3*o - 24, 3*g = 2*o + 28. What is the tens digit of g?
1
Let v(g) = -g**2 + 1. Let k be v(-1). Suppose -4*r + 7 - 3 = k. What is the units digit of 13 - (-1 + r)/3?
3
Suppose 0 = -l - 3, 3*s - 8*s = 3*l - 1. Suppose -2*u + 20 = -5*f, -30 = -3*u - f + s*f. What is the units digit of u?
0
Let m(v) = 3*v - 3. Let x be m(2). Suppose 5*y = -4*i + 40, -5*y + x*y + 33 = 5*i. What is the units digit of y?
4
Let o(c) = -c**3 - 3*c**2 + 4*c + 5. Let x(t) = -10*t**3 + t + 1. Let p be x(-1). Suppose 2*v + 1 - 3 = 5*w, p = -2*v - w. What is the units digit of o(v)?
5
Let z = -30 - -52. Suppose 5*q - 3*q = z. Suppose q + 14 = 5*j. What is the units digit of j?
5
Suppose 18*x + 1260 = 25*x. What is the hundreds digit of x?
1
Suppose -s + 2*u + 18 = -2*u, -3*u = 9. Let n = s - 3. What is the units digit of n?
3
Let t(p) = -p**3 + 10*p**2 + 10*p + 5. What is the hundreds digit of t(10)?
1
Let i(y) = -y**3 + 9*y**2 - 7*y - 10. Let u be i(8). Let x be (-11)/u + (-21)/14. Suppose 3*p + 10 = -0*z - x*z, 0 = 5*p - z - 14. What is the units digit of p?
2
Let j(x) = 9*x + 7. What is the units digit of j(5)?
2
Let i(j) = -2*j**3 - 1. Let t be i(-1). Let g be (-12)/(-6) + t + -1. Suppose 0*c + c - 4 = -g*v, 5*v - 24 = c. What is the units digit of v?
4
Let n = 131 - -110. What is the hundreds digit of n?
2
Let o = -2 + 74. What is the units digit of o?
2
Let l(r) = -r - 9. Let y(j) be the third derivative of -j**4/12 - 3*j**3 - j**2. Let m(s) = -5*l(s) + 2*y(s). What is the units digit of m(0)?
9
Let c = 128 + -72. Let i = c - 23. What is the units digit of i?
3
Let b = -4 + 7. Suppose -19 = -b*x + 2. What is the units digit of x?
7
Let h = -123 - -172. What is the units digit of h?
9
Let f = 68 - 43. What is the units digit of (-2)/(-10) + 120/f?
5
Let b(c) = -2*c - 6. Suppose -2*n = 4*t + 40, 85 - 20 = -4*n - 3*t. What is the units digit of b(n)?
2
What is the units digit of 2/(6/9) - -57?
0
Suppose -v - 3*s + 15 = 3*v, 0 = -2*v - s + 7. Suppose 1 - v = -2*b. What is the units digit of b?
1
Suppose -4*d = -4*y - 287 - 97, 0 = -5*d + y + 468. What is the tens digit of d?
9
Let d = 282 - 90. What is the hundreds digi